{"id":76,"date":"2025-05-23T20:51:58","date_gmt":"2025-05-23T20:51:58","guid":{"rendered":"https:\/\/www.voyances-amour-richesse.com\/?page_id=76"},"modified":"2025-05-23T20:58:07","modified_gmt":"2025-05-23T20:58:07","slug":"retour-affectif","status":"publish","type":"page","link":"https:\/\/www.voyances-amour-richesse.com\/retour-affectif\/","title":{"rendered":"retour affectif"},"content":{"rendered":"\n<div class=\"wp-block-cover alignfull\" style=\"min-height:820px;aspect-ratio:unset;\"><img loading=\"lazy\" decoding=\"async\" width=\"1422\" height=\"2008\" class=\"wp-block-cover__image-background wp-image-83 size-full\" alt=\"RITUELS DE RETOUR AFFECTIF\u00a0\" src=\"https:\/\/www.voyances-amour-richesse.com\/wp-content\/uploads\/2025\/05\/0cb14c1adbc34c58baf81a651c81d14d.jpg\" style=\"object-position:26% 13%\" data-object-fit=\"cover\" data-object-position=\"26% 13%\" srcset=\"https:\/\/www.voyances-amour-richesse.com\/wp-content\/uploads\/2025\/05\/0cb14c1adbc34c58baf81a651c81d14d.jpg 1422w, https:\/\/www.voyances-amour-richesse.com\/wp-content\/uploads\/2025\/05\/0cb14c1adbc34c58baf81a651c81d14d-212x300.jpg 212w, https:\/\/www.voyances-amour-richesse.com\/wp-content\/uploads\/2025\/05\/0cb14c1adbc34c58baf81a651c81d14d-725x1024.jpg 725w, https:\/\/www.voyances-amour-richesse.com\/wp-content\/uploads\/2025\/05\/0cb14c1adbc34c58baf81a651c81d14d-768x1084.jpg 768w, https:\/\/www.voyances-amour-richesse.com\/wp-content\/uploads\/2025\/05\/0cb14c1adbc34c58baf81a651c81d14d-1088x1536.jpg 1088w\" sizes=\"auto, (max-width: 1422px) 100vw, 1422px\" \/><span aria-hidden=\"true\" class=\"wp-block-cover__background has-nv-site-bg-background-color has-background-dim-80 has-background-dim\"><\/span><div class=\"wp-block-cover__inner-container is-layout-flow wp-block-cover-is-layout-flow\">\n<div style=\"height:100px\" aria-hidden=\"true\" class=\"wp-block-spacer\"><\/div>\n\n\n\n<div class=\"wp-block-columns are-vertically-aligned-center has-nv-dark-bg-color has-nv-site-bg-background-color has-text-color has-background has-link-color has-medium-font-size wp-elements-0d85bc0a54ecd0318a1481d0a626fac8 is-layout-flex wp-container-core-columns-is-layout-9d6595d7 wp-block-columns-is-layout-flex\">\n<div class=\"wp-block-column is-layout-flow wp-block-column-is-layout-flow\">\n<div style=\"height:50px\" aria-hidden=\"true\" class=\"wp-block-spacer\"><\/div>\n\n\n\n<h1 class=\"wp-block-heading has-text-align-center has-text-color has-link-color wp-elements-ccb5d445aa3e1034191ed675ce41184d\" style=\"color:#8b0000;font-size:50px\">RITUELS DE RETOUR AFFECTIF&nbsp;<\/h1>\n\n\n<div class=\"wp-block-image\">\n<figure class=\"aligncenter size-full\"><img loading=\"lazy\" decoding=\"async\" width=\"600\" height=\"398\" src=\"https:\/\/www.voyances-amour-richesse.com\/wp-content\/uploads\/2025\/05\/pareja-novios-corazon-mirador-amor-shutterstock-181511186.jpeg\" alt=\"RITUELS DE RETOUR AFFECTIF\u00a0\" class=\"wp-image-84\" srcset=\"https:\/\/www.voyances-amour-richesse.com\/wp-content\/uploads\/2025\/05\/pareja-novios-corazon-mirador-amor-shutterstock-181511186.jpeg 600w, https:\/\/www.voyances-amour-richesse.com\/wp-content\/uploads\/2025\/05\/pareja-novios-corazon-mirador-amor-shutterstock-181511186-300x199.jpeg 300w\" sizes=\"auto, (max-width: 600px) 100vw, 600px\" \/><\/figure>\n<\/div>\n\n\n<p><\/p>\n\n\n\n<p class=\"has-text-align-left has-text-color has-link-color has-medium-font-size wp-elements-a199d50069076a178bfa07887a2f2f3c\" style=\"color:#28311b;letter-spacing:0px\">Le retour d&#8217;affection rapide est l&#8217;art de travailler avec les forces de la nature et de l&#8217;invisible pour favoriser et d\u00e9clencher les changements positifs dont nous avons besoin pour une vie meilleure. Aucune religion n&#8217;est en d\u00e9saccord avec ces m\u00e9thodes, qui peuvent \u00eatre utilis\u00e9es de tout temps et partout.<\/p>\n\n\n\n<p>Le retour affectif rapide est une pratique de magie blanche ou de travail avec les esprits g\u00e9nies pour effectuer un rituel d&#8217;envo\u00fbtement sur la personne que vous voulez attirer. Chaque personne a deux \u00e9nergies : l&#8217;une est positive et l&#8217;autre est n\u00e9gative. Ces \u00e9nergies peuvent \u00eatre modifi\u00e9es pour faire revenir l&#8217;\u00eatre aim\u00e9 gr\u00e2ce au rituel de retour affectif du grand ma\u00eetre voyant TOKPE permet de modifier ces \u00e9nergies pour faire revenir l\u2019\u00eatre aim\u00e9.&nbsp;<\/p>\n\n\n\n<p>La personne que vous aimez de tout votre c\u0153ur vous a quitt\u00e9, laissant un vide dans votre vie et vous souhaitez \u00e0 tout prix la faire revenir et ne plus la laisser partir \u00e0 nouveau ? Ne restez pas dans la peine et dans la souffrance sans rien faire ! Sachez que de nombreuses personnes comme vous ont r\u00e9ussi \u00e0 retrouver l\u2019amour, elles ont aussi retrouv\u00e9 la joie de partager des moments de bonheur dans leur relation avec leur partenaire.<\/p>\n\n\n\n<p>Pourquoi prendre le risque de passer \u00e0 c\u00f4t\u00e9 d\u2019une grande histoire d\u2019amour?<\/p>\n\n\n\n<p>Gr\u00e2ce \u00e0 ses puissants travaux spirituels de magie blanche et les rituels de la haute magie vaudou, le grand ma\u00eetre voyant TOKPE a d\u00e9j\u00e0 prouv\u00e9 a beaucoup de gens dans le monde entier l\u2019efficacit\u00e9 de son talent, de son travail avec des r\u00e9sultats rapides et efficaces, et ce, pour toujours. Savourez le retour de votre amour perdu, m\u00eame-si le temps de votre s\u00e9paration est assez long. Comme plusieurs personnes qui ont frapp\u00e9 \u00e0 la porte du Temple, vous pouvez faire revenir et garder d\u00e9finitivement l\u2019\u00eatre que vous aimez profond\u00e9ment et qu\u2019une autre personne ou les circonstances de la vie vous ont pris. Retenez une fois pour toutes, toutes les solutions sont dans la nature qui a d\u00e9j\u00e0 tout donn\u00e9.<\/p>\n\n\n\n<p>Les rituels de retour d\u2019affection sont des pratiques tr\u00e8s d\u00e9licates qui n\u00e9cessitent l\u2019intervention et la sagesse d\u2019un grand et puissant m\u00e9dium pour r\u00e9ussir efficacement. Le retour affectif consiste \u00e0 rallumer ou attiser le feu de l\u2019amour entre deux personnes pour rapprocher deux personnes qui ont entretenu des sentiments l\u2019une envers l\u2019autre, ou dont l\u2019une de ces deux personnes n\u2019a plus conscience de ces m\u00eames sentiments.<\/p>\n\n\n\n<p>Rituels de retour affectif rapide sans intervention du ma\u00eetre Le retour affectif par magie blanche s\u2019oppose \u00e0 l\u2019envo\u00fbtement de magie noire. Le rituel de magie noire oblige l\u2019envo\u00fbt\u00e9 \u00e0 penser \u00e0 la personne qui a fait l\u2019influence \u00e9nerg\u00e9tique. Cette contrainte est in\u00e9vitable, l\u2019envo\u00fbt\u00e9 n\u2019a pas le choix dans le cas de la magie noire. Le rituel de magie blanche, au contraire, fait appel \u00e0 l\u2019amour. Le retour affectif par magie blanche est une harmonisation des relations, similaire au processus qu\u2019on appelle \u00abfaire tomber amoureux\u00bb. Les rituels de magie blanche sont utilis\u00e9s quand il fait donner un coup de pouce afin que les relations puissent \u00e9voluer progressivement.&nbsp;<\/p>\n\n\n\n<p>Vous traversez une crise dans votre couple ou vous avez un souci ou une attente dans votre vie professionnelle ?<\/p>\n\n\n\n<p>Grand sp\u00e9cialiste des questions existentielles ; grand ma\u00eetre voyant TOKPE est capable d\u2019agir dans plusieurs domaines gr\u00e2ce \u00e0 de tr\u00e8s nombreux rituels. Voici quelques-unes de ses possibilit\u00e9s :<\/p>\n\n\n\n<p>-L\u2019amour : le retour affectif ou amoureux (Le retour amoureux pour r\u00e9cup\u00e9rer son ex-femme ou son conjoint). Trouver l\u2019amour. Obtenir la fid\u00e9lit\u00e9. Le retour affectif pour faire revenir un \u00eatre cher\u2026<\/p>\n\n\n\n<p>-Le d\u00e9senvo\u00fbtement : suppression d\u2019un envo\u00fbtement de magie noire<\/p>\n\n\n\n<p class=\"has-text-align-center has-text-color has-link-color wp-elements-54691267086ee61f7b1501b3119ec816\" style=\"color:#28311b;font-size:25px;letter-spacing:0px\">-La protection : Se prot\u00e9ger d\u2019une personne n\u00e9faste, d\u00e9sirant vous nuire ou Combattre le mauvais \u0153il.<\/p>\n\n\n\n<div style=\"height:50px\" aria-hidden=\"true\" class=\"wp-block-spacer\"><\/div>\n<\/div>\n<\/div>\n\n\n\n<div style=\"height:100px\" aria-hidden=\"true\" class=\"wp-block-spacer\"><\/div>\n<\/div><\/div>\n\n\n\n<div class=\"wp-block-cover alignfull\" style=\"min-height:283px;aspect-ratio:unset;\"><span aria-hidden=\"true\" class=\"wp-block-cover__background has-black-background-color has-background-dim-100 has-background-dim\"><\/span><div class=\"wp-block-cover__inner-container is-layout-flow wp-block-cover-is-layout-flow\">\n<div style=\"height:20px\" aria-hidden=\"true\" class=\"wp-block-spacer\"><\/div>\n\n\n\n<div class=\"wp-block-columns is-layout-flex wp-container-core-columns-is-layout-9d6595d7 wp-block-columns-is-layout-flex\">\n<div class=\"wp-block-column is-layout-flow wp-block-column-is-layout-flow\" style=\"flex-basis:20%\"><\/div>\n\n\n\n<div class=\"wp-block-column is-layout-flow wp-block-column-is-layout-flow\" style=\"flex-basis:60%\">\n<div class=\"wp-block-group\"><div class=\"wp-block-group__inner-container is-layout-constrained wp-block-group-is-layout-constrained\">\n<p class=\"has-text-align-center has-text-color has-medium-font-size\" style=\"color:#fbcd30\">Ma\u00eetre voyant Tokpe<\/p>\n\n\n\n<p class=\"has-text-align-center has-text-color has-link-color has-medium-font-size wp-elements-f6f0291031701241bb1305b77625add5\" style=\"color:#fbcd30\">\u00a9 2025 par Ma\u00eetre voyant Tokpe.&nbsp;<\/p>\n<\/div><\/div>\n<\/div>\n\n\n\n<div class=\"wp-block-column is-layout-flow wp-block-column-is-layout-flow\" style=\"flex-basis:20%\"><\/div>\n<\/div>\n<\/div><\/div>\n\n\n\n<p><\/p>\n","protected":false},"excerpt":{"rendered":"","protected":false},"author":1,"featured_media":0,"parent":0,"menu_order":0,"comment_status":"closed","ping_status":"closed","template":"","meta":{"neve_meta_sidebar":"","neve_meta_container":"","neve_meta_enable_content_width":"on","neve_meta_content_width":100,"neve_meta_title_alignment":"","neve_meta_author_avatar":"","neve_post_elements_order":"","neve_meta_disable_header":"","neve_meta_disable_footer":"on","neve_meta_disable_title":"on","footnotes":""},"class_list":["post-76","page","type-page","status-publish","hentry"],"yoast_head":"<!-- This site is optimized with the Yoast SEO plugin v25.1 - https:\/\/yoast.com\/wordpress\/plugins\/seo\/ -->\n<title>Retour affectif | Voyance<\/title>\n<meta name=\"description\" content=\"Le retour d&#039;affectif rapide est l&#039;art de travailler avec les forces de la nature et de l&#039;invisible pour attirer un etre aim\u00e9\" \/>\n<meta name=\"robots\" content=\"index, follow, max-snippet:-1, max-image-preview:large, max-video-preview:-1\" \/>\n<link rel=\"canonical\" href=\"https:\/\/www.voyances-amour-richesse.com\/retour-affectif\/\" \/>\n<meta property=\"og:locale\" content=\"en_US\" \/>\n<meta property=\"og:type\" content=\"article\" \/>\n<meta property=\"og:title\" content=\"Retour affectif | Voyance\" \/>\n<meta property=\"og:description\" content=\"Le retour d&#039;affectif rapide est l&#039;art de travailler avec les forces de la nature et de l&#039;invisible pour attirer un etre aim\u00e9\" \/>\n<meta property=\"og:url\" content=\"https:\/\/www.voyances-amour-richesse.com\/retour-affectif\/\" \/>\n<meta property=\"og:site_name\" content=\"Marketing Agency\" \/>\n<meta property=\"article:modified_time\" content=\"2025-05-23T20:58:07+00:00\" \/>\n<meta property=\"og:image\" content=\"https:\/\/www.voyances-amour-richesse.com\/wp-content\/uploads\/2025\/05\/0cb14c1adbc34c58baf81a651c81d14d.jpg\" \/>\n<meta name=\"twitter:card\" content=\"summary_large_image\" \/>\n<meta name=\"twitter:label1\" content=\"Est. reading time\" \/>\n\t<meta name=\"twitter:data1\" content=\"4 minutes\" \/>\n<script type=\"application\/ld+json\" class=\"yoast-schema-graph\">{\"@context\":\"https:\/\/schema.org\",\"@graph\":[{\"@type\":\"WebPage\",\"@id\":\"https:\/\/www.voyances-amour-richesse.com\/retour-affectif\/\",\"url\":\"https:\/\/www.voyances-amour-richesse.com\/retour-affectif\/\",\"name\":\"Retour affectif | Voyance\",\"isPartOf\":{\"@id\":\"https:\/\/www.voyances-amour-richesse.com\/#website\"},\"primaryImageOfPage\":{\"@id\":\"https:\/\/www.voyances-amour-richesse.com\/retour-affectif\/#primaryimage\"},\"image\":{\"@id\":\"https:\/\/www.voyances-amour-richesse.com\/retour-affectif\/#primaryimage\"},\"thumbnailUrl\":\"https:\/\/www.voyances-amour-richesse.com\/wp-content\/uploads\/2025\/05\/0cb14c1adbc34c58baf81a651c81d14d.jpg\",\"datePublished\":\"2025-05-23T20:51:58+00:00\",\"dateModified\":\"2025-05-23T20:58:07+00:00\",\"description\":\"Le retour d'affectif rapide est l'art de travailler avec les forces de la nature et de l'invisible pour attirer un etre aim\u00e9\",\"breadcrumb\":{\"@id\":\"https:\/\/www.voyances-amour-richesse.com\/retour-affectif\/#breadcrumb\"},\"inLanguage\":\"en-US\",\"potentialAction\":[{\"@type\":\"ReadAction\",\"target\":[\"https:\/\/www.voyances-amour-richesse.com\/retour-affectif\/\"]}]},{\"@type\":\"ImageObject\",\"inLanguage\":\"en-US\",\"@id\":\"https:\/\/www.voyances-amour-richesse.com\/retour-affectif\/#primaryimage\",\"url\":\"https:\/\/www.voyances-amour-richesse.com\/wp-content\/uploads\/2025\/05\/0cb14c1adbc34c58baf81a651c81d14d.jpg\",\"contentUrl\":\"https:\/\/www.voyances-amour-richesse.com\/wp-content\/uploads\/2025\/05\/0cb14c1adbc34c58baf81a651c81d14d.jpg\",\"width\":1422,\"height\":2008},{\"@type\":\"BreadcrumbList\",\"@id\":\"https:\/\/www.voyances-amour-richesse.com\/retour-affectif\/#breadcrumb\",\"itemListElement\":[{\"@type\":\"ListItem\",\"position\":1,\"name\":\"Home\",\"item\":\"https:\/\/www.voyances-amour-richesse.com\/\"},{\"@type\":\"ListItem\",\"position\":2,\"name\":\"retour affectif\"}]},{\"@type\":\"WebSite\",\"@id\":\"https:\/\/www.voyances-amour-richesse.com\/#website\",\"url\":\"https:\/\/www.voyances-amour-richesse.com\/\",\"name\":\"Marketing Agency\",\"description\":\"\",\"publisher\":{\"@id\":\"https:\/\/www.voyances-amour-richesse.com\/#organization\"},\"potentialAction\":[{\"@type\":\"SearchAction\",\"target\":{\"@type\":\"EntryPoint\",\"urlTemplate\":\"https:\/\/www.voyances-amour-richesse.com\/?s={search_term_string}\"},\"query-input\":{\"@type\":\"PropertyValueSpecification\",\"valueRequired\":true,\"valueName\":\"search_term_string\"}}],\"inLanguage\":\"en-US\"},{\"@type\":\"Organization\",\"@id\":\"https:\/\/www.voyances-amour-richesse.com\/#organization\",\"name\":\"Marketing Agency\",\"url\":\"https:\/\/www.voyances-amour-richesse.com\/\",\"logo\":{\"@type\":\"ImageObject\",\"inLanguage\":\"en-US\",\"@id\":\"https:\/\/www.voyances-amour-richesse.com\/#\/schema\/logo\/image\/\",\"url\":\"https:\/\/www.voyances-amour-richesse.com\/wp-content\/uploads\/2025\/05\/logo-agency.png\",\"contentUrl\":\"https:\/\/www.voyances-amour-richesse.com\/wp-content\/uploads\/2025\/05\/logo-agency.png\",\"width\":200,\"height\":200,\"caption\":\"Marketing Agency\"},\"image\":{\"@id\":\"https:\/\/www.voyances-amour-richesse.com\/#\/schema\/logo\/image\/\"}}]}<\/script>\n<!-- \/ Yoast SEO plugin. -->","yoast_head_json":{"title":"Retour affectif | Voyance","description":"Le retour d'affectif rapide est l'art de travailler avec les forces de la nature et de l'invisible pour attirer un etre aim\u00e9","robots":{"index":"index","follow":"follow","max-snippet":"max-snippet:-1","max-image-preview":"max-image-preview:large","max-video-preview":"max-video-preview:-1"},"canonical":"https:\/\/www.voyances-amour-richesse.com\/retour-affectif\/","og_locale":"en_US","og_type":"article","og_title":"Retour affectif | Voyance","og_description":"Le retour d'affectif rapide est l'art de travailler avec les forces de la nature et de l'invisible pour attirer un etre aim\u00e9","og_url":"https:\/\/www.voyances-amour-richesse.com\/retour-affectif\/","og_site_name":"Marketing Agency","article_modified_time":"2025-05-23T20:58:07+00:00","og_image":[{"url":"https:\/\/www.voyances-amour-richesse.com\/wp-content\/uploads\/2025\/05\/0cb14c1adbc34c58baf81a651c81d14d.jpg","type":"","width":"","height":""}],"twitter_card":"summary_large_image","twitter_misc":{"Est. reading time":"4 minutes"},"schema":{"@context":"https:\/\/schema.org","@graph":[{"@type":"WebPage","@id":"https:\/\/www.voyances-amour-richesse.com\/retour-affectif\/","url":"https:\/\/www.voyances-amour-richesse.com\/retour-affectif\/","name":"Retour affectif | Voyance","isPartOf":{"@id":"https:\/\/www.voyances-amour-richesse.com\/#website"},"primaryImageOfPage":{"@id":"https:\/\/www.voyances-amour-richesse.com\/retour-affectif\/#primaryimage"},"image":{"@id":"https:\/\/www.voyances-amour-richesse.com\/retour-affectif\/#primaryimage"},"thumbnailUrl":"https:\/\/www.voyances-amour-richesse.com\/wp-content\/uploads\/2025\/05\/0cb14c1adbc34c58baf81a651c81d14d.jpg","datePublished":"2025-05-23T20:51:58+00:00","dateModified":"2025-05-23T20:58:07+00:00","description":"Le retour d'affectif rapide est l'art de travailler avec les forces de la nature et de l'invisible pour attirer un etre aim\u00e9","breadcrumb":{"@id":"https:\/\/www.voyances-amour-richesse.com\/retour-affectif\/#breadcrumb"},"inLanguage":"en-US","potentialAction":[{"@type":"ReadAction","target":["https:\/\/www.voyances-amour-richesse.com\/retour-affectif\/"]}]},{"@type":"ImageObject","inLanguage":"en-US","@id":"https:\/\/www.voyances-amour-richesse.com\/retour-affectif\/#primaryimage","url":"https:\/\/www.voyances-amour-richesse.com\/wp-content\/uploads\/2025\/05\/0cb14c1adbc34c58baf81a651c81d14d.jpg","contentUrl":"https:\/\/www.voyances-amour-richesse.com\/wp-content\/uploads\/2025\/05\/0cb14c1adbc34c58baf81a651c81d14d.jpg","width":1422,"height":2008},{"@type":"BreadcrumbList","@id":"https:\/\/www.voyances-amour-richesse.com\/retour-affectif\/#breadcrumb","itemListElement":[{"@type":"ListItem","position":1,"name":"Home","item":"https:\/\/www.voyances-amour-richesse.com\/"},{"@type":"ListItem","position":2,"name":"retour affectif"}]},{"@type":"WebSite","@id":"https:\/\/www.voyances-amour-richesse.com\/#website","url":"https:\/\/www.voyances-amour-richesse.com\/","name":"Marketing Agency","description":"","publisher":{"@id":"https:\/\/www.voyances-amour-richesse.com\/#organization"},"potentialAction":[{"@type":"SearchAction","target":{"@type":"EntryPoint","urlTemplate":"https:\/\/www.voyances-amour-richesse.com\/?s={search_term_string}"},"query-input":{"@type":"PropertyValueSpecification","valueRequired":true,"valueName":"search_term_string"}}],"inLanguage":"en-US"},{"@type":"Organization","@id":"https:\/\/www.voyances-amour-richesse.com\/#organization","name":"Marketing Agency","url":"https:\/\/www.voyances-amour-richesse.com\/","logo":{"@type":"ImageObject","inLanguage":"en-US","@id":"https:\/\/www.voyances-amour-richesse.com\/#\/schema\/logo\/image\/","url":"https:\/\/www.voyances-amour-richesse.com\/wp-content\/uploads\/2025\/05\/logo-agency.png","contentUrl":"https:\/\/www.voyances-amour-richesse.com\/wp-content\/uploads\/2025\/05\/logo-agency.png","width":200,"height":200,"caption":"Marketing Agency"},"image":{"@id":"https:\/\/www.voyances-amour-richesse.com\/#\/schema\/logo\/image\/"}}]}},"_links":{"self":[{"href":"https:\/\/www.voyances-amour-richesse.com\/index.php\/wp-json\/wp\/v2\/pages\/76","targetHints":{"allow":["GET"]}}],"collection":[{"href":"https:\/\/www.voyances-amour-richesse.com\/index.php\/wp-json\/wp\/v2\/pages"}],"about":[{"href":"https:\/\/www.voyances-amour-richesse.com\/index.php\/wp-json\/wp\/v2\/types\/page"}],"author":[{"embeddable":true,"href":"https:\/\/www.voyances-amour-richesse.com\/index.php\/wp-json\/wp\/v2\/users\/1"}],"replies":[{"embeddable":true,"href":"https:\/\/www.voyances-amour-richesse.com\/index.php\/wp-json\/wp\/v2\/comments?post=76"}],"version-history":[{"count":4,"href":"https:\/\/www.voyances-amour-richesse.com\/index.php\/wp-json\/wp\/v2\/pages\/76\/revisions"}],"predecessor-version":[{"id":96,"href":"https:\/\/www.voyances-amour-richesse.com\/index.php\/wp-json\/wp\/v2\/pages\/76\/revisions\/96"}],"wp:attachment":[{"href":"https:\/\/www.voyances-amour-richesse.com\/index.php\/wp-json\/wp\/v2\/media?parent=76"}],"curies":[{"name":"wp","href":"https:\/\/api.w.org\/{rel}","templated":true}]}}